s of 560468919?
3, 186822973
What are the prime factors of 2548812727?
67, 109, 421, 829
What are the prime factors of 149245268?
2, 1801, 20717
What are the prime factors of 16162399?
11, 23, 193, 331
List the prime factors of 1807270011.
3, 23, 307, 28439
What are the prime factors of 774990090?
2, 3, 5, 7, 83, 14821
List the prime factors of 1772310136.
2, 1063, 208409
List the prime factors of 442118237.
11, 47, 463, 1847
What are the prime factors of 1569245106?
2, 3, 11, 13, 140689
What are the prime factors of 154117657?
154117657
What are the prime factors of 180933377?
180933377
What are the prime factors of 10501006?
2, 5250503
What are the prime factors of 214483628?
2, 17, 19, 41, 4049
What are the prime factors of 195609260?
2, 5, 7, 11, 71, 1789
List the prime factors of 1055487063.
3, 351829021
What are the prime factors of 19073987?
19073987
List the prime factors of 3205470428.
2, 17, 47139271
What are the prime factors of 12321005?
5, 17, 43, 3371
List the prime factors of 88892440.
2, 5, 7, 13, 24421
What are the prime factors of 315932512?
2, 7, 1410413
What are the prime factors of 1037550999?
3, 23, 43, 349697
What are the prime factors of 569249961?
3, 7, 29, 239, 3911
List the prime factors of 1337568483.
3, 17, 1427, 18379
List the prime factors of 9236997.
3, 7, 11, 1481
What are the prime factors of 8343836?
2, 31, 67289
What are the prime factors of 56925011?
11, 13, 398077
What are the prime factors of 117588661?
117588661
List the prime factors of 3174404257.
2339, 1357163
List the prime factors of 130993359.
3, 7, 97, 107, 601
What are the prime factors of 165283269?
3, 229, 240587
List the prime factors of 43476102.
2, 3, 29819
List the prime factors of 2906230555.
5, 59, 1021, 9649
List the prime factors of 153417854.
2, 76708927
What are the prime factors of 262797865?
5, 11, 37, 89, 1451
What are the prime factors of 5225917347?
3, 7, 82951069
What are the prime factors of 14635813?
31, 472123
List the prime factors of 3285250306.
2, 13, 17, 7432693
What are the prime factors of 10213166?
2, 113, 45191
What are the prime factors of 1667787530?
2, 5, 166778753
List the prime factors of 67817242.
2, 107, 316903
List the prime factors of 1349363689.
59, 4153, 5507
What are the prime factors of 333990696?
2, 3, 13, 127, 8429
List the prime factors of 6907681968.
2, 3, 11, 41, 61, 5231
List the prime factors of 69081209.
5839, 11831
List the prime factors of 7171350.
2, 3, 5, 47809
What are the prime factors of 194163350?
2, 5, 151, 25717
List the prime factors of 578251713.
3, 13, 2017, 7351
What are the prime factors of 4269112223?
19, 223, 653, 1543
What are the prime factors of 1179457816?
2, 67, 32843
List the prime factors of 13352199.
3, 7, 103, 6173
What are the prime factors of 41857283?
13, 761, 4231
List the prime factors of 489909885.
3, 5, 32660659
List the prime factors of 344690184.
2, 3, 14362091
What are the prime factors of 172946919?
3, 57648973
What are the prime factors of 147469923?
3, 5461849
List the prime factors of 754595112.
2, 3, 31441463
What are the prime factors of 241171796?
2, 61, 988409
What are the prime factors of 358438393?
59, 2389, 2543
List the prime factors of 12236367.
3, 11, 13, 2593
List the prime factors of 635099991.
3, 17, 3499, 3559
What are the prime factors of 237129993?
3, 43, 47, 13037
List the prime factors of 4417972640.
2, 5, 839, 32911
List the prime factors of 28713613.
28713613
What are the prime factors of 63933122?
2, 11, 769, 3779
What are the prime factors of 1787971487?
71, 25182697
What are the prime factors of 75154175?
5, 47, 167, 383
List the prime factors of 81665823.
3, 27221941
List the prime factors of 206693867.
89, 2322403
What are the prime factors of 45000069?
3, 199, 75377
What are the prime factors of 90535432?
2, 13, 870533
List the prime factors of 1999655883.
3, 74061329
List the prime factors of 6001886677.
373, 16090849
What are the prime factors of 536019653?
13, 277, 148853
What are the prime factors of 6309474880?
2, 5, 19717109
List the prime factors of 8675081.
1237, 7013
List the prime factors of 143026067.
3121, 45827
What are the prime factors of 1400042824?
2, 175005353
List the prime factors of 1424533421.
31, 71, 283, 2287
What are the prime factors of 1677440050?
2, 5, 11, 13, 283, 829
List the prime factors of 16418978.
2, 8209489
What are the prime factors of 368504643?
3, 13, 23, 410819
What are the prime factors of 2303004264?
2, 3, 11, 97, 139, 647
What are the prime factors of 2133640321?
19, 5910361
List the prime factors of 189927459.
3, 21103051
What are the prime factors of 208410320?
2, 5, 97, 107, 251
List the prime factors of 60405840.
2, 3, 5, 11, 29, 263
List the prime factors of 266346454.
2, 11, 12106657
What are the prime factors of 177072338?
2, 79, 1120711
List the prime factors of 340011795.
3, 5, 2309, 9817
List the prime factors of 71436659.
7, 1457891
List the prime factors of 1846988864.
2, 7, 59, 69877
List the prime factors of 3685057.
43, 1993
List the prime factors of 3304215.
3, 5, 101, 727
List the prime factors of 484359574.
2, 191, 1267957
What are the prime factors of 244297091?
244297091
List the prime factors of 27360231.
3, 9120077
What are the prime factors of 2729208129?
3, 23, 53, 571, 1307
What are the prime factors of 138048047?
23, 6002089
What are the prime factors of 702726169?
4019, 174851
List the prime factors of 27044093.
17, 1590829
What are the prime factors of 75040383?
3, 11, 83, 27397
List the prime factors of 54220976.
2, 461, 7351
List the prime factors of 689258180.
2, 5, 13, 43, 61651
What are the prime factors of 187285382?
2, 43, 2177737
List the prime factors of 127483641.
3, 23, 193, 3191
List the prime factors of 817213248.
2, 3, 59, 139, 173
What are the prime factors of 273989778?
2, 3, 45664963
List the prime factors of 3141551441.
7, 448793063
What are the prime factors of 951598963?
7, 61, 45481
What are the prime factors of 3653085084?
2, 3, 11, 19, 467, 3119
List the prime factors of 2896555774.
2, 7, 2153, 96097
List the prime factors of 526632275.
5, 13, 349, 4643
List the prime factors of 77308417.
77308417
What are the prime factors of 370972435?
5, 19, 3904973
List the prime factors of 5287302539.
19, 278279081
List the prime factors of 806971708.
2, 17, 433, 27407
List the prime factors of 6265877.
17, 19, 1021
What are the prime factors of 194843137?
17, 11461361
List the prime factors of 32667416.
2, 4083427
What are the prime factors of 74798977?
11, 6799907
What are the prime factors of 14370073?
1549, 9277
What are the prime factors of 50063499?
3, 19, 137, 2137
List the prime factors of 35329999.
271, 130369
List the prime factors of 2020357653.
3, 4139, 162709
What are the prime factors of 461339306?
2, 4001, 57653
List the prime factors of 218711988.
2, 3, 11, 109, 563
What are the prime factors of 111330105?
3, 5, 127, 58441
What are the prime factors of 97763926?
2, 13, 41, 91711
List the prime factors of 449117175.
3, 5, 13, 460633
What are the prime factors of 668684910?
2, 3, 5, 929, 23993
List the prime factors of 44162391.
3, 7, 13, 83, 1949
List the prime factors of 972500297.
29, 173, 193841
What are the prime factors of 104605413?
3, 11, 163, 19447
List the prime factors of 754311973.
41, 18397853
List the prime factors of 475847500.
2, 5, 190339
List the prime factors of 2273989359.
3, 107, 389, 18211
List the prime factors of 5115943.
7, 131, 797
What are the prime factors of 401042133?
3, 31, 1437427
List the prime factors of 91161210.
2, 3, 5, 7, 29, 14969
List the prime factors of 59050372.
2, 37, 398989
List the prime factors of 169326879.
3, 19, 769, 3863
What are the prime factors of 58826605?
5, 11765321
List the prime factors of 46696487.
71, 331, 1987
What are the prime factors of 184401450?
2, 3, 5, 409781
What are the prime factors of 12661706?
2, 47, 134699
What are the prime factors of 46935545?
5, 9387109
List the prime factors of 54236114.
2, 1933, 14029
List the prime factors of 43390587.
3, 41, 181, 1949
What are the prime factors of 457288094?
2, 263, 869369
List the prime factors of 4277366755.
5, 4639, 184409
List the prime factors of 2041349.
41, 49789
List the prime factors of 50506488.
2, 3, 701479
W